54 + 87) - (2 + -8).
25
Evaluate -34 + 34 + (-1 - -1) - (372 - 365).
-7
What is the value of 3 + 19 + 47 + (-6 - -2 - 1 - 5)?
59
65 + (-120 - -185) - 75
55
Calculate 38 - -15 - 81 - -16.
-12
-49 + 2 + 0 - -98
51
Calculate -30 + 29 + -5 + -1 - (19 + -67).
41
(-657 - -696) + (-41 - -6)
4
Evaluate -312 - -339 - (35 + -12).
4
-15 - (-28 - -26 - 7) - -26
20
What is the value of 29 - (60 - (137 - 45))?
61
Evaluate 0 + -5 + (-5 - (2 - 6)) + 20.
14
What is the value of -98 - -336 - 249 - (1 + 0 - -22)?
-34
What is the value of -20551 - -20662 - (-1 + 33)?
79
Evaluate 3 - (13 + (-4 - 14) - 10) - (5 + 4).
9
Evaluate 3 - (3 - 9) - (2 + 0 - (-2 - -45)).
50
What is the value of (151 + -34 - 59) + -108?
-50
What is the value of 52 + (-89 - -184 - 63)?
84
What is 0 - (8 + -7 - -5)?
-6
Calculate -24 + (1 - 10) + (-3 - -20).
-16
What is (-104 - (-136 + 55)) + 83?
60
(-52 - (-10 + -20 + -34)) + 2 + -1 + 56
69
What is the value of -15 - (-1 + -3) - (-13 - 5) - 8?
-1
(-83 + 26 - (-14 + -2)) + 13 + -1
-29
0 - ((-45 - -4) + (14 - (10 + 5)) - -9)
33
(-8 - -64 - 0 - (-5 + -5)) + 2 + 11
79
What is the value of -4034 + 4126 - (145 - -1)?
-54
What is 11 - (38 + 1 + -8 + 1 + -4)?
-17
Evaluate 51 + (-80 - 69) - -97.
-1
(-1 - 0 - (-382 + 373)) + (2 - 22) + 22
10
-5 + ((-69 - 4) + (-33 - -15) + 28 - -8)
-60
What is the value of 9 - 2 - -27 - (15 - (-11 - -40))?
48
What is -29 + (-22 - (-69 - -52))?
-34
36 + -14 - ((30 - 17) + -17)
26
What is -13 - (85 + (-18 - (2 + 4 + -12)))?
-86
What is (15 + -129 - -13) + 49?
-52
-35 + 25 + -2 + 33 - ((8 - 6) + 4)
15
Calculate -16 + -26 + -32 - -27.
-47
What is -4 + -8 - (-37 + 17 + 5) - -3?
6
Calculate -38 + (1073 - 1066 - ((1 - 1) + 7)).
-38
Calculate -18 - (-1 + 10) - (-286 - -212).
47
Evaluate (-49 - -34) + (13 - (-7 + -73)) - -18.
96
Evaluate 15 - (-91 + 31) - 38.
37
What is the value of -14 + -1 + -50 + 71 - 88?
-82
Evaluate (-73 - -39) + 48 + (-1 - (-2 - 40)) - 15.
40
Evaluate -41 + (-15 + 26 - 15) - (6 + 0).
-51
What is the value of 0 + 9 - (-1306 + 1258)?
57
What is (110 - 129 - -25) + 135?
141
Evaluate 12 - -18 - (8 + (8 - (3 + 6)) + -15).
38
What is the value of -61 + 26 + 78 + -75?
-32
What is the value of (19 - ((-2 - 5) + -50)) + -22?
54
What is -1 - (26 + 1 + (446 - 453))?
-21
Calculate (20 - 1) + 5 + -31 - (-2 + -31).
26
What is (-11 + 18 - -7) + (-3 + 8 - 152)?
-133
What is 1 - 42 - (-1074 - -1035)?
-2
48 - (46 + 13 - 2)
-9
Calculate -38 + 29 - -13 - -9.
13
Calculate -24 - (85 - 51) - -92.
34
What is 53 + (-48 - (-14 - 5))?
24
Evaluate -7 + 14 - (188 + -168).
-13
Calculate -26 - 4 - -24 - (-12 - (4 + -4)).
6
What is 6 + 4 + (40 - 51)?
-1
What is 2 - 34 - (-146 + 121)?
-7
What is the value of -11 - -6 - ((-39 - -28) + -94 + -2)?
102
Evaluate 103 + -3 - (-1939 + 1986).
53
What is 2 + 11 + 0 + -15 + 31 + 123 + -27?
125
Evaluate 2 - -2 - (-114 + -58 + 299).
-123
Evaluate 114 + (-20 - 135) + (20 - -3).
-18
-11 + (-14 - 2) + -12 + -6 + 21
-24
What is 90 - ((0 - 16) + 30 + -5 + 2 + -11)?
90
Calculate -12 - ((101 - 118) + (14 - 0) - -1).
-10
What is the value of 111 - 109 - (42 + -5) - ((-6 - 1) + -1)?
-27
Calculate (19 - 17) + 18 - 22.
-2
Calculate -5881 + 5780 - (-21 + 0).
-80
(-3 - -47 - 96) + 4
-48
What is the value of -1 + -17 + (11 + -6 - (-14 + 5 + 5))?
-9
Calculate -11 + -40 + 90 + -40 + (-1 - -5).
3
What is the value of 1 - -70 - (202 + -206 - (-13 + (-1 - 2)))?
59
Calculate -127 + 141 - (56 + (-4 - -3 - 4)).
-37
Calculate 3 + 49 + -86 + 70.
36
(54 - 26) + (-156 - -109)
-19
What is 34 + -6 + -2 + 22 + 21?
69
What is the value of -25 - (0 + -8 + (-47 - 2))?
32
What is -89 + -4 + 283 + -255 + (-33 - 0)?
-98
What is the value of 13 + -1 + 1 + (-6445 - -6361)?
-71
What is the value of (-54 - -52) + -3 + 25 + -106?
-86
25 + (-31 - -34) + -35
-7
What is the value of 21 + (-14 + 2 + 2 - (-6 + (-29 - -20)))?
26
Calculate -4 + 10 + (4 - -49) + (-25 - 12).
22
What is -12 - (-87 + -29 + (-4 - -18) - 8)?
98
8 + (12 - 7) + -8 + (3 - -31 - 5)
34
Evaluate (26 - 15) + (-8 - -10) + 11 + (1 - -1).
26
What is the value of 3 - (2 + 4) - -4 - (51 - (-102 - -109))?
-43
15 + 9 - -12 - (59 - 52)
29
Evaluate 86 + -21 - 56 - ((-11 - -7) + (0 - -15)).
-2
What is (11 - 2) + -5 + 7 + (26 - 0) + 1?
38
What is the value of -19 + ((63 - 53) + (2 - -7) - 9)?
-9
(60 + -7 + -4 - 1) + 9 + (10 - 22)
45
Evaluate -8 + (30 - 8) - (43 + 31).
-60
What is the value of 19 + 0 - ((1 - (4 - 12)) + 6 + -13)?
17
Calculate 1 + (4 + 3 - (-6 - -4)) + (54 - 15).
49
Calculate -42 + -2 + -14 + 41 + -5.
-22
Calculate -8 - (-17 + -8) - (-1 + (-52 - -2)).
68
Evaluate 70 + (2 + 4 - (-70 + 98)).
48
What is -34 + -53 + 31 - -17?
-39
What is the value of (4 - (-5 - (-31 + -26))) + -82?
-130
Evaluate -75 + (61 - (-26 + -2 + 59)).
-45
-60 + (-150 - -20 - -112)
-78
What is the value of (-62 - -54) + 20 + 66?
78
Calculate 9 + (47 - ((-6 - 1) + 10)).
53
9 - (122 + -6 + -101)
-6
What is the value of 29 + (30 - (79 + -23))?
3
What is 214 - 159 - (74 + 10)?
-29
Calculate 62 - (15 + (9 - -24)).
14
What is 5 - (5 + -2 + 17) - (33 + -26 - 6)?
-16
Evaluate (0 - 19) + -1 + -34 + 80 + -45 + -8.
-27
55 + 1 - (-141 - (-295 + 114))
16
What is the value of (15 + 13 - -76) + -78?
26
5 - (44 + -6) - (32 + (-35 - -14))
-44
Calculate (79 + -20 - 23) + -22 + 3.
17
What is 4 + (1 + 11 - 7) + -16 - -72?
65
Calculate -24 + (66 - 20) - 24 - 21.
-23
Evaluate (133 - 74) + -40 + -125.
-106
Calculate (-28 - 157 - -59) + 95.
-31
Evaluate 1685 + -1670 + -3 + 66.
78
Calculate -1 + -5 - (4 - -9) - -20 - 39.
-38
-27 - (-5 - -33 - 91)
36
(160 - (30 + 122)) + 101 + 1
110
Evaluate -19 + (-55 - -62) + 13.
1
What is 10 + 8 - (-235 - -272) - (22 + -2)?
-39
Calculate -22 - ((7 + 6 + -2 - 7 - 13) + 5).
-18
What is the value of -36 - -14 - (-27 + 1 - -44)?
-40
What is the value of (-1 - (21 + -19)) + (5 - 3) + -6 - 28?
-35
What is (-54 - 2) + (-100 - -102) + -4 + (3 - 6)?
-61
-10 + (-1 - -2) + (199 - 159) - 7
24
-6 + (-10 + (41 - 10) - (3 - -1)) + -29
-18
-9 + 2 + (-11 - (-10 - -49) - 6) + 3
-60
What is 48 + ((-7 - (-14 - 4) - 6) + -12 - -16)?
57
18 - (6 + (5 - 48) - 9)
64
Evaluate 36 - -3 - 52 - -53.
40
What is -14 + 0 + (4 - -9 - -1) - (0 - 23)?
23
What is -2 + -11 + (-57 - 54 - -35)?
-89
What is 47 - (56 + -58 + 3)?
46
What is (-6 + 7 - -12) + -25 + -2 - 7?
-21
Calculate -58 - (10 + (12 + 6 + -19 - 12) + 11).
-66
Evaluate -63 - (-59 - (29 - 28)).
-3
Calculate -9008 - -9024 - (-25 - (-1 + 1)).
41
What is (241 + -233 - (1 - (1 - 7))) + 11 + -37?
-25
Evaluate 1 + -10 + -7 + 38 + -7 + -143.
-128
Calculate 31 + (24 - (6 - -7)) + -7 + 3 + -1.
37
Calculate 4 + -11 - (45 + -3 + -19).
-30
6 + 71 + (67 - 130)
14
What is 61 - (44 + (23 + -65 - -19))?
40
Evaluate (-3 - -123) + (-41 - ((-19 - -7) + -14)).
105
What is the value of 91 + 38 + -85 - 47?
-3
177 - (45 + 47) - 14
71
What is the value of (1 - -1) + ((2 - -77) + -21 - -11)?
71
Evaluate -211 - (155 - 154 - 138).
-74
What is -75 - (-153 - -95) - 62?
-79
What is the value of 12 + 5 + -5 + 5 - (-298 + 350)?
-35
What is the value of (-35785 - -35803) + (1 - 1 - 37)?
-19
2 + -7 + 9 + -12 + 12 + -20
-16
What is the value of -23 + (-14 - (-14 - -2 - 11)) + 67?
53
Calculate 7 + (-16 - -2) - (61 + 17 + -31).
-54
-7 + (17 - (84 - 10) - (0 - 2))
-62
What is the value of 8 + (-10 - 9) - (-7 + 9 + 1 - 14)?
0
What is the value of -30 - 82 - -90 - (-1 + -34)?
13
-9 + 28 - (-32 + -22 + 52) - 126
-105
Evaluate -4 + 0 + -154 + 165 + -5 - 7.
-5
Calculate -14972 - -14982 - ((0 + 1 - 1) + 12).
-2
Evaluate -23 - -47 - (12 + 29).
-17
Evaluate (-869 - -926) + -5 + (-4 - -2).
50
(-60 - (-1 - 24)) + 83
48
What is -32 - 2 - (-311 + 247)?
30
(-14 - (-24 - 2 - 11)) + 53
76
What is the value of -104 + -1 + 0 - (78 - 56 - -10 - 38)?
-99
Evaluate -8 - (9 - 4 - -5 - 8) - 37.
-47
76 + (-78 - (-8 + -36))
42
Calculate (-115 - -4) + (5 - (-13 - -2)) + -21.
-116
What is the value of 12 + (-25 - -5 - -29) + -12?
9
Calculate -48 + -24 + (83 - 28) - (-2 + -1).
-14
70 - 0 - (295 - 257)
32
What is the value of 25 + 5 + 26 - (5 + -4 + -5)?
60
What is (16 - (-18 + (-26 - -57))) + -66?
-63
-177 - 5 - (748 + -788)
-142
(-3 + -19 - (342 + -307)) + -14
-71
16 + -51 + 76 + -36
5
-6 - (8 + (16 + 8 - -7))
-45
-3 + (-10 - -5) + 4 + -9 - 4
-17
Evaluate (21 - (-3 + -11)) + 45 + -132.
-52
Calculate 56 + -45 + -47 + -26.
-62
Wh